?
199746
In base 15, what is -8961d3 - -7?
-8961cb
In base 5, what is -310 - 44120223?
-44121033
In base 7, what is 1210063 + 63?
1210156
In base 11, what is 62a7a302 - -5?
62a7a307
In base 14, what is -718157 - 22?
-718179
In base 11, what is 119 - 929279?
-929160
In base 16, what is 2aba206 + -3?
2aba203
In base 7, what is 141142 + -534?
140305
In base 4, what is -11233120102022 + -2?
-11233120102030
In base 11, what is 9728242 - 1?
9728241
In base 8, what is -10431540 - -2?
-10431536
In base 8, what is 3163 - -6606?
11771
In base 9, what is -818307112 + 0?
-818307112
In base 4, what is -3110 + 1033212133?
1033203023
In base 10, what is 1 + -2725002?
-2725001
In base 4, what is -21312 - -3201322?
3120010
In base 9, what is -44126 - 8825?
-54052
In base 14, what is -1da5 + -1b98?
-3b5d
In base 9, what is -3 + 8742184?
8742181
In base 3, what is -101102012 - -1110201210?
1002022121
In base 16, what is -5e188 + -4?
-5e18c
In base 14, what is -32323 - -22?
-32301
In base 16, what is 295 + -5bde?
-5949
In base 12, what is -b15422 - -8?
-b15416
In base 3, what is 12122101021021212 - -22?
12122101021022011
In base 5, what is 434223 - 131003?
303220
In base 13, what is -1486c2a7 + 5?
-1486c2a2
In base 10, what is 10872177 - 12?
10872165
In base 15, what is 647e6e - -68?
647ed7
In base 7, what is -23555 + 242062?
215204
In base 5, what is 10032 - -2300100?
2310132
In base 14, what is -33 - 514a13?
-514a46
In base 12, what is -560479 - 16?
-560493
In base 14, what is -5 - 4d39dad?
-4d39db4
In base 4, what is 0 - 13322303011023?
-13322303011023
In base 5, what is -4042142311 + 102?
-4042142204
In base 6, what is -10351205 - -304?
-10350501
In base 16, what is 19016 + -2504?
16b12
In base 5, what is -3304 + -3432232?
-3441041
In base 3, what is -1200112112120211 - 1?
-1200112112120212
In base 5, what is 114441333 + 2201?
114444034
In base 5, what is -10032 + 1103322112?
1103312030
In base 12, what is -2122277 + -6?
-2122281
In base 10, what is 58 - -809785?
809843
In base 15, what is -199 - 24d2b?
-24ec5
In base 16, what is -207 - -16296?
1608f
In base 3, what is -1111211201110 - -102?
-1111211201001
In base 16, what is 2 + 70d418?
70d41a
In base 2, what is -11110010001 + 10100111110111101?
10100100000101100
In base 3, what is 122120101022 - 0?
122120101022
In base 5, what is 141 - -241123420?
241124111
In base 12, what is 9329 + -6a1?
8848
In base 14, what is -38 + -2a304?
-2a33c
In base 15, what is 6 + -2d6ee1?
-2d6eda
In base 8, what is 1 - 424464704?
-424464703
In base 16, what is 2 + e71d1d?
e71d1f
In base 4, what is -2320 - -10311032?
10302112
In base 12, what is 7 + 500aa09?
500aa14
In base 9, what is -10018 - -270?
-8638
In base 15, what is 19745 - -71?
197b6
In base 3, what is 12 - -1101010112111?
1101010112200
In base 12, what is -1928 - -728a?
5562
In base 2, what is -10 - -100100111011000110000001?
100100111011000101111111
In base 9, what is -2 - 145512234?
-145512236
In base 2, what is 101 - -1000110111111011010110?
1000110111111011011011
In base 4, what is -111131300 - 221?
-111132121
In base 3, what is -10 + -2000220201011101?
-2000220201011111
In base 12, what is -6447878 + 0?
-6447878
In base 8, what is -2 - 11776340?
-11776342
In base 15, what is -87 - 22a12b?
-22a1b3
In base 16, what is 13d + 4375?
44b2
In base 9, what is -162523 + 3021?
-158502
In base 10, what is 19381264 - -3?
19381267
In base 10, what is 3 - -51484621?
51484624
In base 12, what is -33 - 9063b?
-90672
In base 12, what is -1131a15 + -5?
-1131a1a
In base 8, what is -25 - 156263153?
-156263200
In base 4, what is -2022111 - -111013?
-1311032
In base 8, what is 2 + -503601665?
-503601663
In base 10, what is -230850 + -22?
-230872
In base 6, what is -3140035 - -4?
-3140031
In base 7, what is -1012 + -540346?
-541361
In base 4, what is 12 - 13103222213?
-13103222201
In base 7, what is 2253611 + -532?
2253046
In base 5, what is 10132231300 + -13?
10132231232
In base 3, what is -10210221112 - 12112211?
-11000111100
In base 3, what is -11102220 - -11120?
-11021100
In base 8, what is 267612 - -10765?
300577
In base 12, what is 3a1392 - -6?
3a1398
In base 13, what is -3618975 - 0?
-3618975
In base 8, what is 52066 + -1542?
50324
In base 14, what is -7889c42 + -2?
-7889c44
In base 13, what is 200 - 5684?
-5484
In base 10, what is -8889149 - 15?
-8889164
In base 6, what is -11 - -3040230?
3040215
In base 14, what is 16038 - 1b9?
15c5d
In base 7, what is -2 - -31543060?
31543055
In base 8, what is -125367105 - -3?
-125367102
In base 10, what is -24694 + 3016?
-21678
In base 7, what is -53 - -14200635?
14200552
In base 16, what is 2 + 1c45ab3?
1c45ab5
In base 4, what is 20031 - -30200111?
30220202
In base 7, what is 104616 + 303?
105222
In base 5, what is -31303 + 42142?
10334
In base 4, what is -2201 + -1112020322?
-1112023123
In base 2, what is -111001101110110001010 + -111001?
-111001101110111000011
In base 6, what is -33511532 - 24?
-33512000
In base 16, what is 2 - 2d04862?
-2d04860
In base 7, what is -1612 - -1305050?
1303135
In base 2, what is 10101 + 11100101010011000101?
11100101010011011010
In base 16, what is -1 - -cb6f6?
cb6f5
In base 2, what is 11010010110110010110010 - 11?
11010010110110010101111
In base 16, what is -e - ae8d8?
-ae8e6
In base 7, what is 1034 - 213251?
-212214
In base 9, what is 173342623 + -2?
173342621
In base 6, what is 5005 + -103051?
-54042
In base 3, what is -10110020211111210 + 2?
-10110020211111201
In base 11, what is -a7679 - 248?
-a7916
In base 14, what is -4 + 4d1a63?
4d1a5d
In base 7, what is -304 + 5321244?
5320640
In base 6, what is 24233451001 + -5?
24233450552
In base 8, what is 4150 + -6131?
-1761
In base 8, what is 106554 + -2155?
104377
In base 9, what is -42247 + 401?
-41746
In base 5, what is 130 + -33044?
-32414
In base 4, what is -101033032 - 1022330?
-102122022
In base 7, what is 14245 + -5300?
5645
In base 12, what is 131 + -a7183?
-a7052
In base 13, what is 1c2b + -123?
1b08
In base 12, what is -1193150 - -7?
-1193145
In base 16, what is 4 - 25c50?
-25c4c
In base 14, what is 10bb + 98a?
1a67
In base 10, what is -80127 - -47?
-80080
In base 8, what is -4104706 - -15?
-4104671
In base 7, what is -323 - 4025211?
-4025534
In base 9, what is -18673760 - 0?
-18673760
In base 13, what is 28425045 - -2?
28425047
In base 8, what is 5101 - -1273?
6374
In base 10, what is 41 + 48179?
48220
In base 6, what is -1 - 422120433?
-422120434
In base 13, what is 3 + 3143021c?
31430222
In base 4, what is -1102200 - 130033?
-1232233
In base 5, what is -1013011243 + 2?
-1013011241
In base 16, what is -42a + -67ac?
-6bd6
In base 6, what is 2222544 + 12?
2223000
In base 13, what is bc2c218 + -1?
bc2c217
In base 10, what is 2104 - -3927?
6031
In base 14, what is -2 + -1210834?
-1210836
In base 2, what is 1000100111101100010 - 1001111?
1000100111100010011
In base 9, what is -1835 - -60361?
57425
In base 9, what is -36438147 + -3?
-36438151
In base 2, what is 111100011011001011010001 - 10?
111100011011001011001111
In base 16, what is 2cf3f1b - 0?
2cf3f1b
In base 8, what is 71 - 2450707?
-2450616
In base 13, what is -11 + 26b5b19?
26b5b08
In base 5, what is 232211040 + -202?
232210333
In base 12, what is 3 + -b7b782?
-b7b77b
In base 11, what is 58aa81 - -39?
59000a
In base 4, what is -12 + 22223303121?
22223303103
In base 2, what is -110001011011100010111100 + 101?
-110001011011100010110111
In base 13, what is 53 + 2022c1?
202344
In base 16, what is -354407 - -5?
-354402
In base 15, what is 1 - -1e3169d?
1e3169e
In base 9, what is -41708 + 533?
-41165
In base 7, what is -41253 + 2245?
-36005
In base 8, what is -50100 + 105543?
35443
In base 9, what is 2 + 2537015?
2537017
In base 11, what is 6132a6 - -5?
613300
In base 9, what is 2544640 - -1?
2544641
In base 13, what is -aa70 + -202?
-ac72
In base 3, what is 20111000 + 100101?
20211101
In base 12, what is 1a + 3b19218?
3b19236
In base 3, what is 1211001202202020101 - 2?
1211001202202020022
In base 3, what is 112 + 201002102220001?
201002102220120
In base 2, what is -11000011010100011 + 101101101000?
-10111101100111011
In base 13, what is a + -473456?
-473449
In base 13, what is 2797502c - 4?
27975028
In base 10, what is 2623 - -14186?
16809
In base 14, what is -691d5 - 107?
-692dc
In base 13, what